-7). Calculate the remainder when 6 is divided by (4/6)/((-2)/v).
2
Calculate the remainder when 240 + 3 - (0 + 2) is divided by 82.
77
Let s = 1480 - 542. What is the remainder when s is divided by 4?
2
What is the remainder when 82 is divided by 20 + (8/((-40)/(-15)) - 2)?
19
Suppose -11*t = -1120 + 537. What is the remainder when 251 is divided by t?
39
Suppose 3*i - 219 = 12. Let l(z) = 25*z**3 + 2*z**2 - 2*z + 1. What is the remainder when i is divided by l(1)?
25
Let z be 0/((-3 + -3)/2). Suppose p - 28 = -z*p. Suppose 26*s - 1826 = 4*s. Calculate the remainder when s is divided by p.
27
Suppose -6 + 42 = 6*t. What is the remainder when ((-2)/(-5))/(-2*(-5)/500) is divided by t?
2
Let n(d) = -d**3 - 7*d**2 - 6*d - 2. Let a be n(-4). Let u = -15 - a. What is the remainder when 53 is divided by u?
9
Let v be 3 + (0/2 - 1). Suppose l - 57 = -v*l. Calculate the remainder when 10881/195 - 1*(-12)/(-15) is divided by l.
17
Let m = 748 - 727. What is the remainder when 53 is divided by m?
11
Let n(h) = h**2 - 5*h - 3. Let k be n(6). Suppose 2*i - 24 = -q, 6 - 18 = k*i. Let w(j) = 2*j**2 - 3*j - 3. What is the remainder when q is divided by w(-2)?
10
Let x(f) be the second derivative of 11*f**4/6 + 5*f**3/6 - 2*f**2 - 3*f. What is the remainder when 43 is divided by x(1)?
20
Suppose -3*m + 476 = f, 2*m + 4*f - 291 = 13. Calculate the remainder when m is divided by 7.
6
Let x(l) = -2 + 2 - 2 - l. Let b be x(-7). Suppose -2*c - 5*t = -1, -5*c + b*t = -c - 47. Calculate the remainder when 14 is divided by c.
6
Let c be 276/(-2)*(-4)/8. Suppose 4*d = 19 + c. Calculate the remainder when 86 is divided by d.
20
Let q(k) = k + 12. Suppose 0 = 7*g - 2*g - 20. Suppose 328 = g*l + 148. Calculate the remainder when l is divided by q(0).
9
Let g = 39 - 16. What is the remainder when (2 + 0)*356/8 is divided by g?
20
Calculate the remainder when 21 + (-4 - 8)/(-3) is divided by (10 + 3 - -1)/1.
11
Let h(f) be the second derivative of 17*f**5/20 - f**4/6 + f**2/2 - 6*f. Let l be h(1). Suppose 17*x - l*x = 26. What is the remainder when x is divided by 15?
11
Let v(d) = -d**2 + d + 21. Let f be v(0). Let m = 108 + f. Suppose -m + 0 = -3*b. What is the remainder when b is divided by 11?
10
Let m be 40/6 - 8/12. Suppose 40*z + 3*r - 1 = 36*z, 2*z = 3*r + 5. Calculate the remainder when (9/m)/1*2 is divided by z.
0
Let k = -3 - -6. Let g be -6*(k + (-22)/6). Let p(u) = 2*u + 5. Calculate the remainder when p(g) is divided by 7.
6
Suppose 5*a - 4 + 14 = 0. Calculate the remainder when 17 is divided by 6/18*(a - -32).
7
Let g(p) = -p**2 + p + 1. Let y(d) = 5*d**2 - 2*d + 1. Let t(u) = 4*g(u) + y(u). Let x = 11 + -3. What is the remainder when t(-6) is divided by x?
5
Let h = -7200 + 7222. Let r be 10/(-2)*-1 - 2. Suppose -2*l + 215 = n, -5*n + 219 = r*l - l. Calculate the remainder when l is divided by h.
19
Suppose 4*u - 32 = -0*u. Let i(d) = -d**2 + 22*d - 112. Calculate the remainder when u is divided by i(13).
3
Let r(z) = 2*z**2 - 1. Suppose c - 1 = -0. Let w be r(c). Suppose -w + 66 = 5*s. Calculate the remainder when 38 is divided by s.
12
Suppose -4*f - 5*c + 95 = 0, -3*c + 75 = -3*f + 6*f. Suppose -5*p + f = p. What is the remainder when 119 is divided by p/(-10) + 196/8?
23
Let c(r) = -r + 8. Let k be c(6). Suppose 2*p = -5*w + 71, -3*p = -5*w + k*w - 138. Let a = -19 + 30. What is the remainder when p is divided by a?
10
Let n(d) = -2*d + 8. Let w = 15 - 22. Calculate the remainder when n(w) is divided by 8.
6
Suppose 2*k + 3*u = -14 - 4, -4*k + u = 36. Calculate the remainder when -3 + 27*(-12)/k - 2 is divided by 11.
9
Let k(h) = -2*h**2 + 22*h + 7. Let c be (-2 + 5/2)*0. What is the remainder when k(10) is divided by -3 - (36/(-2) - c)?
12
Let s(m) = m**2 - 5*m + 7. Suppose -4*c = f - 46, -f + 50 = c + 2*c. What is the remainder when f is divided by s(6)?
10
Suppose -l = -5*q - 39, 2*q + 6 = 4*q. Calculate the remainder when 481 is divided by l.
49
Let j = 55 - 37. Suppose 4*l - 8 - 8 = 0. Suppose 3*c = 3, 0*c + l*c = 5*s - 46. Calculate the remainder when j is divided by s.
8
Suppose 0 = -8*f + 3*f + 55. Let o(m) = -30*m**3 - m**2 - 2*m - 1. Suppose -2*u - 4*y + 6 = -0*y, u - 7 = -4*y. What is the remainder when o(u) is divided by f?
8
Let t = -228 - -307. What is the remainder when t is divided by 9?
7
Suppose 4*g = 4*b - 7 - 53, -2*b + 23 = 5*g. Calculate the remainder when (2160/(-21))/(-4) + (-2)/(-7) is divided by b.
12
Suppose 42 + 23 = 5*d. Let i be 3/1 + 1 + -26. Let h = 0 - i. What is the remainder when h is divided by d?
9
Suppose 278 = 14*h + 26. What is the remainder when 102 is divided by h?
12
Suppose 2698*l - 2692*l = 834. What is the remainder when l is divided by 42?
13
Suppose -3*n = 2*i - 19, -n - 12 = i - 4*i. Suppose i*b + 2*w - 111 = 3*w, -b - 4*w = -39. What is the remainder when b is divided by 8?
7
Suppose -46 + 10 = -6*k. Let w(s) = -2*s + 16. Suppose 0 = -3*b + 2 + 4. Calculate the remainder when w(k) is divided by b.
0
Let h = 1 + 2. Let i = 3320 + -3303. What is the remainder when i is divided by h?
2
Suppose 4*d = -4*h + 220, 0 = 5*d - 3*h - 6*h - 233. What is the remainder when d is divided by 25?
2
Let x(q) = 11*q**3 + 2*q**2 - 2*q. Let y be x(1). Suppose -2*w - 5*z = -y, -w + z + 19 = -z. What is the remainder when w is divided by 4?
1
Let w(j) be the third derivative of -j**4/24 + 29*j**3/6 + 11*j**2. What is the remainder when w(0) is divided by 10?
9
Suppose -10*q + 15*q = 325. Let d = q + -59. Calculate the remainder when d is divided by 2.
0
Suppose 2*f - 2*t - 58 + 36 = 0, -2*t = 0. Calculate the remainder when 63 is divided by f.
8
Suppose -5*f = 5*v - 50, 7 + 6 = f + 2*v. Suppose 10*c + 2*c - 168 = 0. Calculate the remainder when 22*(2/c)/((-28)/(-98)) is divided by f.
4
Suppose -3*p - 4 + 1 = t, -5*t = -p - 1. Suppose t = -2*a - a + 174. Let l = 39 + -27. What is the remainder when a is divided by l?
10
Suppose -2*j = -9 + 1. Let s(m) = -m**3 + 5*m**2 + m - 1. What is the remainder when s(j) is divided by (-19 + 9)*(-4 + (-35)/(-10))?
4
Let p(n) be the first derivative of -17*n**2/2 + 9*n + 5. Calculate the remainder when p(-6) is divided by 23.
19
Let d = 13 - 17. Suppose -4*a - s + 142 = -2*s, -4*a + 150 = 3*s. Calculate the remainder when 318/d*4/(-3) is divided by a.
34
Suppose x = 2*x - 15. What is the remainder when 43 is divided by x?
13
Let h(n) = 6 + 2*n**3 + 3*n**3 - 18*n - 17*n**2 - 6*n**3. Let o be h(-16). Suppose -9*q + 7*q = -o. What is the remainder when q is divided by 10?
9
Let y(f) = 31*f + 1122. Calculate the remainder when y(0) is divided by 45.
42
Suppose -5*k + 18 = 2*s, -2*s + 5*s = 5*k + 2. Calculate the remainder when 56 is divided by 1 + (k - -13) + (1 - -3).
16
Suppose 8 = 4*c - 0. Let z = c + 3. Suppose z*h - 734 = -229. Calculate the remainder when h is divided by 35.
31
Let w(o) = 2*o + 10. Let s be w(-4). Suppose 48 = s*v + b - 74, -3*b = -4*v + 244. What is the remainder when v is divided by 16?
13
Suppose 13*a - 156 - 455 = 0. Calculate the remainder when a is divided by 43.
4
Let t be 8 + 0 + (-12)/(-3). What is the remainder when 28 is divided by (t/10)/((-13)/(-65))?
4
Let m be (212/10)/(1/5). Suppose -18 = -17*l + 8*l. Suppose 0 = z - 2*f - 48, l*f - m = -2*z + f. What is the remainder when z is divided by 19?
14
What is the remainder when 1376/40 - (-2)/(-5) is divided by 2?
0
Calculate the remainder when (-11)/66 + 3065/30 is divided by (-25 + -1)/(1 + -2).
24
Let x = 48 - 46. What is the remainder when 17 + (5 - 6/x) is divided by 7?
5
Let j(f) = 11*f + 13. Let v be j(9). Suppose g + 4*n + v = 2*g, 3*n + 6 = 0. Calculate the remainder when g is divided by 18.
14
Let j be (1/2)/(3/(-18)). Let u be -2 + 6 + 10*(-2)/4. Calculate the remainder when 20 is divided by u + -2 + (-42)/j.
9
Let h(y) = -y**2 - 3*y + 13. Calculate the remainder when 237 is divided by h(-4).
3
Let d(g) = -3*g + 21. What is the remainder when 57 is divided by d(-1)?
9
Let z be (14 - 2) + 0 + 0. Calculate the remainder when 55 is divided by (18 - z) + (-1)/(-1)*2.
7
Suppose 281*a - 291*a + 7440 = 0. Calculate the remainder when a is divided by 44.
40
Calculate the remainder when (-1 - 112/10)*(6 + -11) is divided by 51.
10
Suppose 5*m = -5*v + 5, -7*v = -5*m - 4*v + 21. Suppose 6*u = -m*u + 306. 